{"id":1992,"date":"2013-01-12T21:45:27","date_gmt":"2013-01-12T20:45:27","guid":{"rendered":"http:\/\/www.kuchniokracja.hanami.pl\/wp-content\/uploads\/2013\/01\/fusilli_baklazan.jpg"},"modified":"2013-01-12T21:45:27","modified_gmt":"2013-01-12T20:45:27","slug":"fusilli_baklazan","status":"inherit","type":"attachment","link":"https:\/\/kuchniokracja.hanami.pl\/index.php\/fusilli-z-kurczakiem-baklazanem-i-cukinia-w-sosie-mascarpone\/fusilli_baklazan\/#main","title":{"rendered":"Fusilli z kurczakiem, bak\u0142a\u017canem i cukini\u0105 w sosie mascarpone, Fot. Hanami\u00ae"},"author":2,"featured_media":0,"comment_status":"open","ping_status":"closed","template":"","meta":[],"class_list":["post-1992","attachment","type-attachment","status-inherit","hentry"],"description":{"rendered":"<p class=\"attachment\"><a href='https:\/\/kuchniokracja.hanami.pl\/wp-content\/uploads\/2013\/01\/fusilli_baklazan.jpg'><img loading=\"lazy\" decoding=\"async\" width=\"300\" height=\"193\" src=\"https:\/\/kuchniokracja.hanami.pl\/wp-content\/uploads\/2013\/01\/fusilli_baklazan-300x193.jpg\" class=\"attachment-medium size-medium\" alt=\"Fusilli z kurczakiem, bak\u0142a\u017canem i cukini\u0105 w sosie mascarpone, Fot. Hanami\u00ae\" srcset=\"https:\/\/kuchniokracja.hanami.pl\/wp-content\/uploads\/2013\/01\/fusilli_baklazan-300x193.jpg 300w, https:\/\/kuchniokracja.hanami.pl\/wp-content\/uploads\/2013\/01\/fusilli_baklazan.jpg 550w\" sizes=\"auto, (max-width: 300px) 100vw, 300px\" \/><\/a><\/p>\n<p>Fusilli z kurczakiem, bak\u0142a\u017canem i cukini\u0105 w sosie mascarpone, Fot. Hanami\u00ae<\/p>\n"},"caption":{"rendered":"<p>Fusilli z kurczakiem, bak\u0142a\u017canem i cukini\u0105 w sosie mascarpone, Fot. Hanami\u00ae<\/p>\n"},"alt_text":"Fusilli z kurczakiem, bak\u0142a\u017canem i cukini\u0105 w sosie mascarpone, Fot. Hanami\u00ae","media_type":"image","mime_type":"image\/jpeg","media_details":{"width":550,"height":355,"file":"2013\/01\/fusilli_baklazan.jpg","sizes":{"thumbnail":{"file":"fusilli_baklazan-290x290.jpg","width":290,"height":290,"mime_type":"image\/jpeg","source_url":"https:\/\/kuchniokracja.hanami.pl\/wp-content\/uploads\/2013\/01\/fusilli_baklazan-290x290.jpg"},"medium":{"file":"fusilli_baklazan-300x193.jpg","width":300,"height":193,"mime_type":"image\/jpeg","source_url":"https:\/\/kuchniokracja.hanami.pl\/wp-content\/uploads\/2013\/01\/fusilli_baklazan-300x193.jpg"},"post-thumbnail":{"file":"fusilli_baklazan-550x198.jpg","width":550,"height":198,"mime_type":"image\/jpeg","source_url":"https:\/\/kuchniokracja.hanami.pl\/wp-content\/uploads\/2013\/01\/fusilli_baklazan-550x198.jpg"},"wp_rp_thumbnail":{"file":"fusilli_baklazan-150x150.jpg","width":150,"height":150,"mime_type":"image\/jpeg","source_url":"https:\/\/kuchniokracja.hanami.pl\/wp-content\/uploads\/2013\/01\/fusilli_baklazan-150x150.jpg"},"full":{"file":"fusilli_baklazan.jpg","width":550,"height":355,"mime_type":"image\/jpeg","source_url":"https:\/\/kuchniokracja.hanami.pl\/wp-content\/uploads\/2013\/01\/fusilli_baklazan.jpg"}},"image_meta":{"aperture":0,"credit":"","camera":"","caption":"","created_timestamp":0,"copyright":"","focal_length":0,"iso":0,"shutter_speed":0,"title":""}},"post":1991,"source_url":"https:\/\/kuchniokracja.hanami.pl\/wp-content\/uploads\/2013\/01\/fusilli_baklazan.jpg","_links":{"self":[{"href":"https:\/\/kuchniokracja.hanami.pl\/index.php\/wp-json\/wp\/v2\/media\/1992","targetHints":{"allow":["GET"]}}],"collection":[{"href":"https:\/\/kuchniokracja.hanami.pl\/index.php\/wp-json\/wp\/v2\/media"}],"about":[{"href":"https:\/\/kuchniokracja.hanami.pl\/index.php\/wp-json\/wp\/v2\/types\/attachment"}],"author":[{"embeddable":true,"href":"https:\/\/kuchniokracja.hanami.pl\/index.php\/wp-json\/wp\/v2\/users\/2"}],"replies":[{"embeddable":true,"href":"https:\/\/kuchniokracja.hanami.pl\/index.php\/wp-json\/wp\/v2\/comments?post=1992"}]}}

Fusilli z kurczakiem, bakłażanem i cukinią w sosie mascarpone, Fot. Hanami®

<p class="attachment"><a href='https://kuchniokracja.hanami.pl/wp-content/uploads/2013/01/fusilli_baklazan.jpg'><img loading="lazy" decoding="async" width="300" height="193" src="https://kuchniokracja.hanami.pl/wp-content/uploads/2013/01/fusilli_baklazan-300x193.jpg" class="attachment-medium size-medium" alt="Fusilli z kurczakiem, bakłażanem i cukinią w sosie mascarpone, Fot. Hanami®" srcset="https://kuchniokracja.hanami.pl/wp-content/uploads/2013/01/fusilli_baklazan-300x193.jpg 300w, https://kuchniokracja.hanami.pl/wp-content/uploads/2013/01/fusilli_baklazan.jpg 550w" sizes="auto, (max-width: 300px) 100vw, 300px" /></a></p>
<p>Fusilli z kurczakiem, bakłażanem i cukinią w sosie mascarpone, Fot. Hanami®</p>

<p>Fusilli z kurczakiem, bakłażanem i cukinią w sosie mascarpone, Fot. Hanami®</p>
